rivative of -p**6/120 - 9*p**5/20 + 23*p**4/24 + 2*p**3 - 34*p**2. What is the tens digit of g(-28)?
5
Let x = -79 + 83. Suppose x*j = -4*g + 568, j - 279 = -0*g - 2*g. What is the tens digit of g?
3
Suppose 4*r + c = 1 + 20, -3*c - 5 = -5*r. Suppose 0 = -y + 15. Suppose 3*x = y, 0 = r*s - 9*s + 5*x + 65. What is the units digit of s?
8
Let a(n) = -119*n**3 + n**2 + n. Let b be a(-1). Let v = b - 72. What is the units digit of v?
7
Let v be (4/(-5))/(288/(-720)). Let o(x) = -29*x + 15. Let z(h) = -14*h + 8. Let t(c) = -6*o(c) + 11*z(c). What is the units digit of t(v)?
8
Let m be (-2 + 0)/((-1)/(-1))*-1. Suppose 4*h = -m + 14. What is the units digit of h?
3
Let l = 82 - 74. What is the tens digit of 2/(3/(15*l))?
8
Let k(p) be the second derivative of 4*p**3/3 + 4*p**2 + 2*p. Let w be k(7). Let q = -40 + w. What is the tens digit of q?
2
Let i(g) = -g**3 - 2*g**2 - 3*g - 2. Let j be i(-1). Let y = j + 11. Suppose -o = 4*t - y, -4*t = -8*t + 3*o - 1. What is the units digit of t?
2
Suppose -2418 = -206*x + 200*x. What is the units digit of x?
3
What is the hundreds digit of 612 + (-7)/(42/18)?
6
Let i(v) = -v**3 + 15*v**2 + 7*v + 35. What is the hundreds digit of i(11)?
5
Let p(o) be the second derivative of -o**4/12 - 5*o**3/3 + o**2/2 - 16*o. Let w be 1/(-3)*-7*-3. What is the tens digit of p(w)?
2
What is the tens digit of (-9)/18*(-2207 + -1)?
0
Let w = 13 - 5. Let d(y) = -w + 1 + y**2 + 2 + 4. What is the tens digit of d(-4)?
1
Suppose 266 = y - 2*r, 0 = -2*y + 2*r + 361 + 179. Let t = -162 + y. What is the hundreds digit of t?
1
What is the units digit of (110/(-20) + 3)/(2/(-1300))?
5
Let o(s) = -s**3 - 2*s**2 + 3. Suppose -y + 11 = 4*c, 2*c - 3*c + 5*y = 13. Let a be (3 - (2 + c))*3. What is the tens digit of o(a)?
1
Let n(g) = 17*g**2 - 10*g - 16. Let m be n(-2). Let u(w) = w**3 - 6*w**2 + 7*w - 2. Let r be u(6). Let h = m - r. What is the units digit of h?
2
Let j(o) = o**3 - 6*o**2 - 8*o + 12. Let i be j(5). Let n = 166 + i. What is the hundreds digit of n?
1
What is the hundreds digit of ((-764)/(-10))/((-14)/(-70))?
3
Suppose 3*a - 22 - 2537 = 0. What is the tens digit of a?
5
Let y = 14456 + -10311. What is the thousands digit of y?
4
What is the units digit of (1 - -1)/(-2)*576/(-2)?
8
Let n be 33*-2*(-6)/9. Suppose 39*p + 315 = n*p. What is the units digit of p?
3
Let m(t) be the third derivative of -5*t**4/12 - 2*t**3/3 - 3*t**2. What is the tens digit of m(-8)?
7
Let q(d) = 751*d**2 - 8*d + 7. What is the hundreds digit of q(1)?
7
Suppose v - 730 = -4*n - 245, 2*v = n - 110. Suppose -118*d + n*d = 308. What is the tens digit of d?
5
Suppose 17*o - 18213 = 28996. What is the tens digit of o?
7
What is the tens digit of (-7390)/(-35) - 3/(-21)*-1?
1
Let s(o) = -o. Let a be s(-4). Let q = a + -7. Let y = 30 - q. What is the tens digit of y?
3
Let b = -39 + 44. Suppose -5 = -b*f, -4*o - 5*f + 704 - 263 = 0. What is the units digit of o?
9
Let m(p) = 21*p**2 - 2*p. Let k be m(-3). What is the tens digit of (k/(5 + -2))/1?
6
Let n(s) = -7*s**2 - 8*s - 4. Let m be n(-5). Let d = 196 + m. What is the tens digit of d?
5
Suppose 0 = 7*j - 1291 - 2286. Suppose -7*n - j = -14*n. What is the units digit of n?
3
Suppose 0 = 3*r + 5*k - 1488, -2*k - 1984 = 9*r - 13*r. What is the hundreds digit of r?
4
Let f = 240 - 165. Let r = -35 + f. Let n = r + -9. What is the tens digit of n?
3
Suppose -3*y = -5*c - 960, 2*y + 5*c + 154 = 819. Let r = -70 + y. What is the hundreds digit of r?
2
Let i be (44/(10/5))/1. Let r = i + -11. What is the units digit of r?
1
Suppose -4*r - 3000 = -8*r. What is the units digit of r?
0
What is the tens digit of (4/(-8))/((-5)/(-70)) + 157?
5
Let a = -39 + 181. Suppose 74 + a = 12*n. What is the units digit of n?
8
Suppose 60*z - 109843 - 116717 = 0. What is the thousands digit of z?
3
Let t(g) = g - 7. Let y be t(7). Suppose y*h - 4*h + 380 = 0. What is the units digit of h?
5
Suppose 4*u + 2*c = 12482, 10*c - 11*c = -4*u + 12491. What is the units digit of u?
2
What is the hundreds digit of (30/(-20))/(9/(-8628))?
4
Let n be ((-4)/3)/(22/(-33)). Suppose -152 = j + n*j - y, -2*j - 5*y - 73 = 0. What is the tens digit of -3 + 7 - (j + 0)?
5
Suppose -19*a + 24*a = 5*c - 1270, -3*c + 2*a = -757. What is the hundreds digit of c?
2
Suppose 15*h = 3314 + 4741. What is the hundreds digit of h?
5
Suppose 149 = 3*c + 4*y, 3*y + y - 20 = 0. Let h = c - 14. What is the tens digit of h?
2
Let c be 2/5 + (-526)/(-10). Let a(b) = -b**3 - 9*b**2 - 9*b - 3. Let y be a(-8). Suppose t - 5*r = c, -5*r + 114 + y = 3*t. What is the units digit of t?
3
Suppose 0 = -z + 3*t - 15, 10 = -z - 4*z + 2*t. Suppose 7*g - 5*g - 332 = z. What is the hundreds digit of g?
1
Suppose -318 = -a - 5*n, -46*a + 48*a - 5*n = 591. What is the tens digit of a?
0
Let k be 20*(0 - 1)*4/2. Let x = k + 41. What is the units digit of x?
1
Let t = -18 - 15. Let m be (((-12)/10)/1)/((-27)/(-1530)). What is the tens digit of (m/(-6))/((-22)/t)?
1
Let c be 4/(-22) - (-8)/44. Suppose c = -2*b - 9 + 13. Suppose -z = -d + 71, 0 = -b*d - 2*d - z + 264. What is the units digit of d?
7
Let i(p) = -p**2 + 2*p + 4. Let s be i(4). What is the units digit of 5/(-10) - 262/s?
5
Suppose 22 = 5*h - 4*w, 4*w - 5*w = -2. Suppose -h*b = -261 - 387. What is the units digit of b?
8
Let v(p) = -3*p + 17. Suppose -k + 1 = -s, s + 3 = -2*k + 11. What is the units digit of v(k)?
8
What is the units digit of -3 + (-40)/(-15) - (-28460)/15?
7
Let m = 4174 + -2302. What is the units digit of m?
2
Let o be (-28)/126 - (-1 - (-101)/(-9)). Let s = 17 + o. What is the tens digit of s?
2
Let v = 921 - -708. What is the tens digit of v?
2
Let s be (1 - -5)/((-10)/(-5)). Suppose 2*k - 55 = -s*k. Suppose 28 = 3*x + 4*g, 2*x = 4*x - 5*g - k. What is the units digit of x?
8
Let z = 114 - 224. Let j = z + 184. What is the units digit of (j/(-4))/(2/(-4))?
7
Let z be (-1)/(-5) - 2868/(-10). Suppose 0*a + 7*a = z. What is the units digit of a?
1
Suppose 3*m = -4*q + 2*m - 380, 3*m - 364 = 4*q. Let p = 44 + q. What is the units digit of p/(-4) + 8/16?
3
Let w = -33 - -37. Suppose -w*o + 19 = -113. What is the tens digit of o?
3
What is the tens digit of ((-28)/56)/((-42172)/14056 - -3)?
5
Suppose -194*q = -169*q - 42625. What is the units digit of q?
5
Let j(i) = i - 10. Let f(y) = y - 11. Let n(b) = 2*f(b) - 3*j(b). Let u(d) = -d**2 - d + 4. Let s be u(3). What is the tens digit of n(s)?
1
Let v = -43 + 73. Let f = 44 - v. What is the tens digit of (-246)/(-21) + 4/f?
1
Let p = 0 - -5. Suppose p*r - 4*r - 2 = 0. What is the units digit of (r + (-156)/15)*-5?
2
Let f(i) = 21*i + 177. What is the tens digit of f(10)?
8
Let p = 1889 + -102. What is the hundreds digit of p?
7
Let o(d) = -d - 3*d**2 + 2*d + 2*d**3 + 0 + 269*d**3 + 2. What is the hundreds digit of o(1)?
2
Let m = -75 - -67. What is the units digit of ((-1)/2)/1 - 52/m?
6
What is the tens digit of ((-2134)/77)/(1/(-7))?
9
Let b = -22 - -27. Suppose -896 = -b*d - 276. Suppose -12*c = -10*c - d. What is the units digit of c?
2
Let v = -3440 + 5150. What is the hundreds digit of v?
7
Let f(o) = -10*o**3 - 9*o**2 + o + 5. What is the units digit of f(-3)?
1
Suppose -4*c + 2*x = c - 196, 3*c - 3*x = 123. Suppose -l = 2 - c. Suppose g + 4 = -3*z, -6*g + 2*g + z + l = 0. What is the units digit of g?
8
What is the hundreds digit of 2 - -66*(-80)/(-30)?
1
Let x be (-19184)/(-55) + -2 + (-33)/(-15). Let u = -106 + x. What is the hundreds digit of u?
2
Suppose -4*g + 13 - 1 = 0. Let m be 6/g - (3 - 1). What is the units digit of m + -4*(-52)/8?
6
Let k(z) = z**3 - 11*z**2 + 14*z - 10. Let v(n) = -n**3 + 6*n**2 + 9*n + 2. Let m be v(7). Let x = -6 + m. What is the tens digit of k(x)?
3
Suppose 0 = 4*r + 25 + 3. Let z(b) = b**3 + 9*b**2 + 8*b + 12. What is the tens digit of z(r)?
5
Suppose 9 = 3*y - 4*g, 2*y - 5*g + 2 - 1 = 0. Suppose 4*z = y*z - 48. Let p = -9 + z. What is the units digit of p?
7
Suppose -5*k + 1565 = -205. What is the tens digit of k?
5
Suppose 35*p - 32*p - 1551 = 0. What is the units digit of p?
7
Let k(j) be the first derivative of j**5/120 - j**4/6 + 5*j**3/3 - 3. Let f(d) be the third derivative of k(d). What is the units digit of f(9)?
5
Let g = -31 + 31. Suppose -k - k + 268 = g. What is the hundreds digit of k?
1
Suppos